{"id":53,"date":"2023-01-10T08:23:25","date_gmt":"2023-01-10T08:23:25","guid":{"rendered":"https:\/\/robot.webs.upv.es\/?page_id=53"},"modified":"2023-01-10T08:53:50","modified_gmt":"2023-01-10T08:53:50","slug":"quien","status":"publish","type":"page","link":"https:\/\/robot.webs.upv.es\/?page_id=53","title":{"rendered":"Qui\u00e9n?"},"content":{"rendered":"\n<p class=\"has-text-align-center\">Este sitio est\u00e1 administrado y mantenido por los responsables del Grado en Inform\u00e1tica Industrial y Rob\u00f3tica que se imparte en la ETS d&#8217;Enginyeria Inform\u00e0tica de la Universitat Polit\u00e8cnica de Val\u00e8ncia.<\/p>\n\n\n\n<p class=\"has-text-align-center\">Si tienes inter\u00e9s en el campo de la rob\u00f3tica o quieres publicitar alg\u00fan evento relacionado a trav\u00e9s de este blog, puedes contactar con el Director Acad\u00e9mico del T\u00edtulo.<\/p>\n\n\n\n<p><\/p>\n\n\n\n<p class=\"has-text-align-center\"><strong>Eduardo Vendrell Vidal<\/strong><br>Director Acad\u00e9mico del T\u00edtulo (DAT)<br><a href=\"mailto:even@upv.es\">even@upv.es<\/a><\/p>\n\n\n\n<p class=\"has-text-align-center\"><strong>ETS d&#8217;Enginyeria Inform\u00e0tica, ETSINF<\/strong><br><a href=\"http:\/\/www.inf.upv.es\" target=\"_blank\" rel=\"noreferrer noopener\">www.inf.upv.es<\/a><\/p>\n\n\n\n<p class=\"has-text-align-center\"><strong>Universitat Polit\u00e8cnica de Val\u00e8ncia<\/strong><br><a href=\"http:\/\/www.upv.es\" target=\"_blank\" rel=\"noreferrer noopener\">www.upv.es<\/a><\/p>\n\n\n\n<p><\/p>\n\n\n<div class=\"wp-block-image\">\n<figure class=\"aligncenter size-full\"><img loading=\"lazy\" decoding=\"async\" width=\"750\" height=\"109\" src=\"https:\/\/robot.webs.upv.es\/wp-content\/uploads\/2023\/01\/logo-mobil-roboticaupv.jpg\" alt=\"\" class=\"wp-image-50\" srcset=\"https:\/\/robot.webs.upv.es\/wp-content\/uploads\/2023\/01\/logo-mobil-roboticaupv.jpg 750w, https:\/\/robot.webs.upv.es\/wp-content\/uploads\/2023\/01\/logo-mobil-roboticaupv-300x44.jpg 300w\" sizes=\"auto, (max-width: 750px) 100vw, 750px\" \/><\/figure>\n<\/div>\n\n\n<p><\/p>\n","protected":false},"excerpt":{"rendered":"<p>Este sitio est\u00e1 administrado y mantenido por los responsables del Grado en Inform\u00e1tica Industrial y Rob\u00f3tica que se imparte en la ETS d&#8217;Enginyeria Inform\u00e0tica de la Universitat Polit\u00e8cnica de Val\u00e8ncia. Si tienes inter\u00e9s en el campo de la rob\u00f3tica o quieres publicitar alg\u00fan evento relacionado a trav\u00e9s de este blog, puedes contactar con el Director&#8230;<\/p>\n","protected":false},"author":1,"featured_media":0,"parent":0,"menu_order":0,"comment_status":"closed","ping_status":"closed","template":"","meta":{"_kadence_starter_templates_imported_post":false,"_kad_post_transparent":"","_kad_post_title":"","_kad_post_layout":"","_kad_post_sidebar_id":"","_kad_post_content_style":"","_kad_post_vertical_padding":"","_kad_post_feature":"","_kad_post_feature_position":"","_kad_post_header":false,"_kad_post_footer":false,"_kad_post_classname":"","footnotes":""},"class_list":["post-53","page","type-page","status-publish","hentry"],"yoast_head":"<!-- This site is optimized with the Yoast SEO plugin v27.4 - https:\/\/yoast.com\/product\/yoast-seo-wordpress\/ -->\n<title>Qui\u00e9n? - rob\u00f3tica@upv<\/title>\n<meta name=\"robots\" content=\"index, follow, max-snippet:-1, max-image-preview:large, max-video-preview:-1\" \/>\n<link rel=\"canonical\" href=\"https:\/\/robot.webs.upv.es\/?page_id=53\" \/>\n<meta property=\"og:locale\" content=\"es_ES\" \/>\n<meta property=\"og:type\" content=\"article\" \/>\n<meta property=\"og:title\" content=\"Qui\u00e9n? - rob\u00f3tica@upv\" \/>\n<meta property=\"og:description\" content=\"Este sitio est\u00e1 administrado y mantenido por los responsables del Grado en Inform\u00e1tica Industrial y Rob\u00f3tica que se imparte en la ETS d&#8217;Enginyeria Inform\u00e0tica de la Universitat Polit\u00e8cnica de Val\u00e8ncia. Si tienes inter\u00e9s en el campo de la rob\u00f3tica o quieres publicitar alg\u00fan evento relacionado a trav\u00e9s de este blog, puedes contactar con el Director...\" \/>\n<meta property=\"og:url\" content=\"https:\/\/robot.webs.upv.es\/?page_id=53\" \/>\n<meta property=\"og:site_name\" content=\"rob\u00f3tica@upv\" \/>\n<meta property=\"article:modified_time\" content=\"2023-01-10T08:53:50+00:00\" \/>\n<meta property=\"og:image\" content=\"https:\/\/robot.webs.upv.es\/wp-content\/uploads\/2023\/01\/logo-mobil-roboticaupv.jpg\" \/>\n<meta name=\"twitter:card\" content=\"summary_large_image\" \/>\n<meta name=\"twitter:label1\" content=\"Tiempo de lectura\" \/>\n\t<meta name=\"twitter:data1\" content=\"1 minuto\" \/>\n<script type=\"application\/ld+json\" class=\"yoast-schema-graph\">{\"@context\":\"https:\\\/\\\/schema.org\",\"@graph\":[{\"@type\":\"WebPage\",\"@id\":\"https:\\\/\\\/robot.webs.upv.es\\\/?page_id=53\",\"url\":\"https:\\\/\\\/robot.webs.upv.es\\\/?page_id=53\",\"name\":\"Qui\u00e9n? - rob\u00f3tica@upv\",\"isPartOf\":{\"@id\":\"https:\\\/\\\/robot.webs.upv.es\\\/#website\"},\"primaryImageOfPage\":{\"@id\":\"https:\\\/\\\/robot.webs.upv.es\\\/?page_id=53#primaryimage\"},\"image\":{\"@id\":\"https:\\\/\\\/robot.webs.upv.es\\\/?page_id=53#primaryimage\"},\"thumbnailUrl\":\"https:\\\/\\\/robot.webs.upv.es\\\/wp-content\\\/uploads\\\/2023\\\/01\\\/logo-mobil-roboticaupv.jpg\",\"datePublished\":\"2023-01-10T08:23:25+00:00\",\"dateModified\":\"2023-01-10T08:53:50+00:00\",\"breadcrumb\":{\"@id\":\"https:\\\/\\\/robot.webs.upv.es\\\/?page_id=53#breadcrumb\"},\"inLanguage\":\"es\",\"potentialAction\":[{\"@type\":\"ReadAction\",\"target\":[\"https:\\\/\\\/robot.webs.upv.es\\\/?page_id=53\"]}]},{\"@type\":\"ImageObject\",\"inLanguage\":\"es\",\"@id\":\"https:\\\/\\\/robot.webs.upv.es\\\/?page_id=53#primaryimage\",\"url\":\"https:\\\/\\\/robot.webs.upv.es\\\/wp-content\\\/uploads\\\/2023\\\/01\\\/logo-mobil-roboticaupv.jpg\",\"contentUrl\":\"https:\\\/\\\/robot.webs.upv.es\\\/wp-content\\\/uploads\\\/2023\\\/01\\\/logo-mobil-roboticaupv.jpg\",\"width\":750,\"height\":109},{\"@type\":\"BreadcrumbList\",\"@id\":\"https:\\\/\\\/robot.webs.upv.es\\\/?page_id=53#breadcrumb\",\"itemListElement\":[{\"@type\":\"ListItem\",\"position\":1,\"name\":\"Home\",\"item\":\"https:\\\/\\\/robot.webs.upv.es\\\/\"},{\"@type\":\"ListItem\",\"position\":2,\"name\":\"Qui\u00e9n?\"}]},{\"@type\":\"WebSite\",\"@id\":\"https:\\\/\\\/robot.webs.upv.es\\\/#website\",\"url\":\"https:\\\/\\\/robot.webs.upv.es\\\/\",\"name\":\"rob\u00f3tica@upv\",\"description\":\"\",\"publisher\":{\"@id\":\"https:\\\/\\\/robot.webs.upv.es\\\/#organization\"},\"potentialAction\":[{\"@type\":\"SearchAction\",\"target\":{\"@type\":\"EntryPoint\",\"urlTemplate\":\"https:\\\/\\\/robot.webs.upv.es\\\/?s={search_term_string}\"},\"query-input\":{\"@type\":\"PropertyValueSpecification\",\"valueRequired\":true,\"valueName\":\"search_term_string\"}}],\"inLanguage\":\"es\"},{\"@type\":\"Organization\",\"@id\":\"https:\\\/\\\/robot.webs.upv.es\\\/#organization\",\"name\":\"rob\u00f3tica@upv\",\"url\":\"https:\\\/\\\/robot.webs.upv.es\\\/\",\"logo\":{\"@type\":\"ImageObject\",\"inLanguage\":\"es\",\"@id\":\"https:\\\/\\\/robot.webs.upv.es\\\/#\\\/schema\\\/logo\\\/image\\\/\",\"url\":\"https:\\\/\\\/robot.webs.upv.es\\\/wp-content\\\/uploads\\\/2023\\\/01\\\/logo-roboticaupv.jpg\",\"contentUrl\":\"https:\\\/\\\/robot.webs.upv.es\\\/wp-content\\\/uploads\\\/2023\\\/01\\\/logo-roboticaupv.jpg\",\"width\":2225,\"height\":324,\"caption\":\"rob\u00f3tica@upv\"},\"image\":{\"@id\":\"https:\\\/\\\/robot.webs.upv.es\\\/#\\\/schema\\\/logo\\\/image\\\/\"}}]}<\/script>\n<!-- \/ Yoast SEO plugin. -->","yoast_head_json":{"title":"Qui\u00e9n? - rob\u00f3tica@upv","robots":{"index":"index","follow":"follow","max-snippet":"max-snippet:-1","max-image-preview":"max-image-preview:large","max-video-preview":"max-video-preview:-1"},"canonical":"https:\/\/robot.webs.upv.es\/?page_id=53","og_locale":"es_ES","og_type":"article","og_title":"Qui\u00e9n? - rob\u00f3tica@upv","og_description":"Este sitio est\u00e1 administrado y mantenido por los responsables del Grado en Inform\u00e1tica Industrial y Rob\u00f3tica que se imparte en la ETS d&#8217;Enginyeria Inform\u00e0tica de la Universitat Polit\u00e8cnica de Val\u00e8ncia. Si tienes inter\u00e9s en el campo de la rob\u00f3tica o quieres publicitar alg\u00fan evento relacionado a trav\u00e9s de este blog, puedes contactar con el Director...","og_url":"https:\/\/robot.webs.upv.es\/?page_id=53","og_site_name":"rob\u00f3tica@upv","article_modified_time":"2023-01-10T08:53:50+00:00","og_image":[{"url":"https:\/\/robot.webs.upv.es\/wp-content\/uploads\/2023\/01\/logo-mobil-roboticaupv.jpg","type":"","width":"","height":""}],"twitter_card":"summary_large_image","twitter_misc":{"Tiempo de lectura":"1 minuto"},"schema":{"@context":"https:\/\/schema.org","@graph":[{"@type":"WebPage","@id":"https:\/\/robot.webs.upv.es\/?page_id=53","url":"https:\/\/robot.webs.upv.es\/?page_id=53","name":"Qui\u00e9n? - rob\u00f3tica@upv","isPartOf":{"@id":"https:\/\/robot.webs.upv.es\/#website"},"primaryImageOfPage":{"@id":"https:\/\/robot.webs.upv.es\/?page_id=53#primaryimage"},"image":{"@id":"https:\/\/robot.webs.upv.es\/?page_id=53#primaryimage"},"thumbnailUrl":"https:\/\/robot.webs.upv.es\/wp-content\/uploads\/2023\/01\/logo-mobil-roboticaupv.jpg","datePublished":"2023-01-10T08:23:25+00:00","dateModified":"2023-01-10T08:53:50+00:00","breadcrumb":{"@id":"https:\/\/robot.webs.upv.es\/?page_id=53#breadcrumb"},"inLanguage":"es","potentialAction":[{"@type":"ReadAction","target":["https:\/\/robot.webs.upv.es\/?page_id=53"]}]},{"@type":"ImageObject","inLanguage":"es","@id":"https:\/\/robot.webs.upv.es\/?page_id=53#primaryimage","url":"https:\/\/robot.webs.upv.es\/wp-content\/uploads\/2023\/01\/logo-mobil-roboticaupv.jpg","contentUrl":"https:\/\/robot.webs.upv.es\/wp-content\/uploads\/2023\/01\/logo-mobil-roboticaupv.jpg","width":750,"height":109},{"@type":"BreadcrumbList","@id":"https:\/\/robot.webs.upv.es\/?page_id=53#breadcrumb","itemListElement":[{"@type":"ListItem","position":1,"name":"Home","item":"https:\/\/robot.webs.upv.es\/"},{"@type":"ListItem","position":2,"name":"Qui\u00e9n?"}]},{"@type":"WebSite","@id":"https:\/\/robot.webs.upv.es\/#website","url":"https:\/\/robot.webs.upv.es\/","name":"rob\u00f3tica@upv","description":"","publisher":{"@id":"https:\/\/robot.webs.upv.es\/#organization"},"potentialAction":[{"@type":"SearchAction","target":{"@type":"EntryPoint","urlTemplate":"https:\/\/robot.webs.upv.es\/?s={search_term_string}"},"query-input":{"@type":"PropertyValueSpecification","valueRequired":true,"valueName":"search_term_string"}}],"inLanguage":"es"},{"@type":"Organization","@id":"https:\/\/robot.webs.upv.es\/#organization","name":"rob\u00f3tica@upv","url":"https:\/\/robot.webs.upv.es\/","logo":{"@type":"ImageObject","inLanguage":"es","@id":"https:\/\/robot.webs.upv.es\/#\/schema\/logo\/image\/","url":"https:\/\/robot.webs.upv.es\/wp-content\/uploads\/2023\/01\/logo-roboticaupv.jpg","contentUrl":"https:\/\/robot.webs.upv.es\/wp-content\/uploads\/2023\/01\/logo-roboticaupv.jpg","width":2225,"height":324,"caption":"rob\u00f3tica@upv"},"image":{"@id":"https:\/\/robot.webs.upv.es\/#\/schema\/logo\/image\/"}}]}},"_links":{"self":[{"href":"https:\/\/robot.webs.upv.es\/index.php?rest_route=\/wp\/v2\/pages\/53","targetHints":{"allow":["GET"]}}],"collection":[{"href":"https:\/\/robot.webs.upv.es\/index.php?rest_route=\/wp\/v2\/pages"}],"about":[{"href":"https:\/\/robot.webs.upv.es\/index.php?rest_route=\/wp\/v2\/types\/page"}],"author":[{"embeddable":true,"href":"https:\/\/robot.webs.upv.es\/index.php?rest_route=\/wp\/v2\/users\/1"}],"replies":[{"embeddable":true,"href":"https:\/\/robot.webs.upv.es\/index.php?rest_route=%2Fwp%2Fv2%2Fcomments&post=53"}],"version-history":[{"count":6,"href":"https:\/\/robot.webs.upv.es\/index.php?rest_route=\/wp\/v2\/pages\/53\/revisions"}],"predecessor-version":[{"id":59,"href":"https:\/\/robot.webs.upv.es\/index.php?rest_route=\/wp\/v2\/pages\/53\/revisions\/59"}],"wp:attachment":[{"href":"https:\/\/robot.webs.upv.es\/index.php?rest_route=%2Fwp%2Fv2%2Fmedia&parent=53"}],"curies":[{"name":"wp","href":"https:\/\/api.w.org\/{rel}","templated":true}]}}